{"id":4238,"date":"2025-11-12T20:23:26","date_gmt":"2025-11-12T20:23:26","guid":{"rendered":"https:\/\/raph.xyz\/?page_id=4238"},"modified":"2026-03-23T15:13:53","modified_gmt":"2026-03-23T15:13:53","slug":"accueil-2","status":"publish","type":"page","link":"https:\/\/raph.xyz\/index.php\/fr\/accueil-2\/","title":{"rendered":"ACCUEIL"},"content":{"rendered":"<div class=\"wpb-content-wrapper\"><div class=\"vc_row wpb_row vc_row-fluid\"><div class=\"wpb_column vc_column_container vc_col-sm-12\"><div class=\"vc_column-inner\"><div class=\"wpb_wrapper\">\n\t<div class=\"wpb_text_column wpb_content_element wpb_animate_when_almost_visible wpb_fadeIn fadeIn intro\" >\n\t\t<div class=\"wpb_wrapper\">\n\t\t\t<h1>RAPHA\u00cbL DESMAISON<\/h1>\n<ul>\n<li><a href=\"#about_me\">8 ANN\u00c9ES D&rsquo;EXP\u00c9RIENCES PROFESSIONNELLES<\/a><\/li>\n<li><a href=\"https:\/\/raph.xyz\/index.php\/projects_grille\/\">DESIGNER GRAPHIQUE ET DIRECTEUR ARTISTIQUE SUR MONTR\u00c9AL,<\/a><\/li>\n<\/ul>\n<p>j\u2019aide les organisations culturelles, sociales et engag\u00e9es \u00e0 transformer leurs valeurs en univers visuels clairs, coh\u00e9rents et inspirants.<br \/>\nMon travail s\u2019ancre dans la simplicit\u00e9, la couleur et la typographie, au service d\u2019une direction artistique accessible, r\u00e9fl\u00e9chie et contemporaine.<br \/>\nDu logo \u00e0 la campagne compl\u00e8te, je cr\u00e9e des marques vivantes \u2014 qui connectent avec leur public et laissent une empreinte durable.<\/p>\n\n\t\t<\/div>\n\t<\/div>\n\n\t<div class=\"wpb_text_column wpb_content_element scroll_down\" >\n\t\t<div class=\"wpb_wrapper\">\n\t\t\t<p>faites<br \/>\nd\u00e9filer<\/p>\n<p>\u2193<\/p>\n\n\t\t<\/div>\n\t<\/div>\n<\/div><\/div><\/div><\/div><div class=\"vc_row wpb_row vc_row-fluid\"><div class=\"wpb_column vc_column_container vc_col-sm-12\"><div class=\"vc_column-inner\"><div class=\"wpb_wrapper\">\n\t<div class=\"wpb_text_column wpb_content_element wpb_animate_when_almost_visible wpb_fadeIn fadeIn\" >\n\t\t<div class=\"wpb_wrapper\">\n\t\t\t<h1>PROJETS<\/h1>\n<p>Une s\u00e9lection de projets dont je suis particuli\u00e8rement fier de partager.<\/p>\n\n\t\t<\/div>\n\t<\/div>\n\n<div class=\"vc_grid-container-wrapper vc_clearfix vc_grid-animation-fadeInUp\">\n\t<div class=\"vc_grid-container vc_clearfix wpb_content_element vc_basic_grid portfolio\" data-initial-loading-animation=\"fadeInUp\" data-vc-grid-settings=\"{&quot;page_id&quot;:4238,&quot;style&quot;:&quot;all&quot;,&quot;action&quot;:&quot;vc_get_vc_grid_data&quot;,&quot;shortcode_id&quot;:&quot;1774278792220-a492a81f-0ab9-2&quot;,&quot;tag&quot;:&quot;vc_basic_grid&quot;}\" data-vc-request=\"https:\/\/raph.xyz\/wp-admin\/admin-ajax.php\" data-vc-post-id=\"4238\" data-vc-public-nonce=\"55af78066a\">\n\t\t<style data-type=\"vc_shortcodes-custom-css\">.vc_custom_1419240516480{background-color: #f9f9f9 !important;}<\/style><div class=\"vc_grid vc_row vc_pageable-wrapper vc_hook_hover\" data-vc-pageable-content=\"true\"><div class=\"vc_pageable-slide-wrapper vc_clearfix\" data-vc-grid-content=\"true\"><div class=\"vc_grid-item vc_clearfix vc_col-sm-12 vc_grid-item-zone-c-bottom\"><div class=\"vc_grid-item-mini vc_clearfix \"><div class=\"vc_gitem-animated-block\" ><div class=\"vc_gitem-zone vc_gitem-zone-a vc-gitem-zone-height-mode-auto vc-gitem-zone-height-mode-auto-1-1 vc_gitem-is-link\" style=\"background-image: url('https:\/\/raph.xyz\/wp-content\/uploads\/2025\/06\/MON_mock_up_affiche-1024x576.jpg') !important;\"><a href=\"https:\/\/raph.xyz\/index.php\/en\/2025\/02\/02\/le_monastere\/\" title=\"Le Monast\u00e8re\" class=\"vc_gitem-link vc-zone-link\" ><\/a><img decoding=\"async\" class=\"vc_gitem-zone-img\" src=\"https:\/\/raph.xyz\/wp-content\/uploads\/2025\/06\/MON_mock_up_affiche-1024x576.jpg\" alt=\"BRANDING\" loading=\"lazy\"><div class=\"vc_gitem-zone-mini\"><\/div><\/div><\/div><div class=\"vc_gitem-zone vc_gitem-zone-c vc_custom_1419240516480\"><div class=\"vc_gitem-zone-mini\"><div class=\"vc_gitem_row vc_row vc_gitem-row-position-top\"><div class=\"vc_col-sm-12 vc_gitem-col vc_gitem-col-align-\"><div class=\"vc_custom_heading vc_gitem-post-data vc_gitem-post-data-source-post_title\" ><h4 style=\"text-align: left\" >Le Monast\u00e8re<\/h4><\/div><div class=\"vc_custom_heading vc_gitem-post-data vc_gitem-post-data-source-post_excerpt\" ><p style=\"text-align: left\" ><p>BRANDING<\/p>\n<\/p><\/div><div class=\"vc_btn3-container vc_btn3-left\"><a class=\"vc_general vc_btn3 vc_btn3-size-md vc_btn3-shape-rounded vc_btn3-style-flat vc_btn3-color-juicy-pink\" a href=\"https:\/\/raph.xyz\/index.php\/en\/2025\/02\/02\/le_monastere\/\" class=\"vc_gitem-link vc_general vc_btn3 vc_general vc_btn3 vc_btn3-size-md vc_btn3-shape-rounded vc_btn3-style-flat vc_btn3-color-juicy-pink\" title=\"Read more\">Read more<\/a><\/div><\/div><\/div><\/div><\/div><\/div><div class=\"vc_clearfix\"><\/div><\/div><div class=\"vc_grid-item vc_clearfix vc_col-sm-12 vc_grid-item-zone-c-bottom\"><div class=\"vc_grid-item-mini vc_clearfix \"><div class=\"vc_gitem-animated-block\" ><div class=\"vc_gitem-zone vc_gitem-zone-a vc-gitem-zone-height-mode-auto vc-gitem-zone-height-mode-auto-1-1 vc_gitem-is-link\" style=\"background-image: url('https:\/\/raph.xyz\/wp-content\/uploads\/2024\/11\/AQDFL_cover_16_9-1024x576.jpg') !important;\"><a href=\"https:\/\/raph.xyz\/index.php\/en\/2024\/11\/27\/aqdfl\/\" title=\"Bient\u00f4t dans votre assiette\" class=\"vc_gitem-link vc-zone-link\" ><\/a><img decoding=\"async\" class=\"vc_gitem-zone-img\" src=\"https:\/\/raph.xyz\/wp-content\/uploads\/2024\/11\/AQDFL_cover_16_9-1024x576.jpg\" alt=\"ARTISTIC DIRECTION 360 CAMPAIGN\" loading=\"lazy\"><div class=\"vc_gitem-zone-mini\"><\/div><\/div><\/div><div class=\"vc_gitem-zone vc_gitem-zone-c vc_custom_1419240516480\"><div class=\"vc_gitem-zone-mini\"><div class=\"vc_gitem_row vc_row vc_gitem-row-position-top\"><div class=\"vc_col-sm-12 vc_gitem-col vc_gitem-col-align-\"><div class=\"vc_custom_heading vc_gitem-post-data vc_gitem-post-data-source-post_title\" ><h4 style=\"text-align: left\" >Bient\u00f4t dans votre assiette<\/h4><\/div><div class=\"vc_custom_heading vc_gitem-post-data vc_gitem-post-data-source-post_excerpt\" ><p style=\"text-align: left\" ><p>ARTISTIC DIRECTION 360 CAMPAIGN<\/p>\n<\/p><\/div><div class=\"vc_btn3-container vc_btn3-left\"><a class=\"vc_general vc_btn3 vc_btn3-size-md vc_btn3-shape-rounded vc_btn3-style-flat vc_btn3-color-juicy-pink\" a href=\"https:\/\/raph.xyz\/index.php\/en\/2024\/11\/27\/aqdfl\/\" class=\"vc_gitem-link vc_general vc_btn3 vc_general vc_btn3 vc_btn3-size-md vc_btn3-shape-rounded vc_btn3-style-flat vc_btn3-color-juicy-pink\" title=\"Read more\">Read more<\/a><\/div><\/div><\/div><\/div><\/div><\/div><div class=\"vc_clearfix\"><\/div><\/div><div class=\"vc_grid-item vc_clearfix vc_col-sm-12 vc_grid-item-zone-c-bottom\"><div class=\"vc_grid-item-mini vc_clearfix \"><div class=\"vc_gitem-animated-block\" ><div class=\"vc_gitem-zone vc_gitem-zone-a vc-gitem-zone-height-mode-auto vc-gitem-zone-height-mode-auto-1-1 vc_gitem-is-link\" style=\"background-image: url('https:\/\/raph.xyz\/wp-content\/uploads\/2025\/06\/mock_up_bc_01-1024x576.jpg') !important;\"><a href=\"https:\/\/raph.xyz\/index.php\/en\/2024\/04\/03\/cqde\/\" title=\"CQDE\" class=\"vc_gitem-link vc-zone-link\" ><\/a><img decoding=\"async\" class=\"vc_gitem-zone-img\" src=\"https:\/\/raph.xyz\/wp-content\/uploads\/2025\/06\/mock_up_bc_01-1024x576.jpg\" alt=\"BRANDING\" loading=\"lazy\"><div class=\"vc_gitem-zone-mini\"><\/div><\/div><\/div><div class=\"vc_gitem-zone vc_gitem-zone-c vc_custom_1419240516480\"><div class=\"vc_gitem-zone-mini\"><div class=\"vc_gitem_row vc_row vc_gitem-row-position-top\"><div class=\"vc_col-sm-12 vc_gitem-col vc_gitem-col-align-\"><div class=\"vc_custom_heading vc_gitem-post-data vc_gitem-post-data-source-post_title\" ><h4 style=\"text-align: left\" >CQDE<\/h4><\/div><div class=\"vc_custom_heading vc_gitem-post-data vc_gitem-post-data-source-post_excerpt\" ><p style=\"text-align: left\" ><p>BRANDING<\/p>\n<\/p><\/div><div class=\"vc_btn3-container vc_btn3-left\"><a class=\"vc_general vc_btn3 vc_btn3-size-md vc_btn3-shape-rounded vc_btn3-style-flat vc_btn3-color-juicy-pink\" a href=\"https:\/\/raph.xyz\/index.php\/en\/2024\/04\/03\/cqde\/\" class=\"vc_gitem-link vc_general vc_btn3 vc_general vc_btn3 vc_btn3-size-md vc_btn3-shape-rounded vc_btn3-style-flat vc_btn3-color-juicy-pink\" title=\"Read more\">Read more<\/a><\/div><\/div><\/div><\/div><\/div><\/div><div class=\"vc_clearfix\"><\/div><\/div><div class=\"vc_grid-item vc_clearfix vc_col-sm-12 vc_grid-item-zone-c-bottom\"><div class=\"vc_grid-item-mini vc_clearfix \"><div class=\"vc_gitem-animated-block\" ><div class=\"vc_gitem-zone vc_gitem-zone-a vc-gitem-zone-height-mode-auto vc-gitem-zone-height-mode-auto-1-1 vc_gitem-is-link\" style=\"background-image: url('https:\/\/raph.xyz\/wp-content\/uploads\/2025\/09\/cover_2-1024x576.jpg') !important;\"><a href=\"https:\/\/raph.xyz\/index.php\/en\/2024\/01\/24\/la_nature_te_juge\/\" title=\"La nature te juge\" class=\"vc_gitem-link vc-zone-link\" ><\/a><img decoding=\"async\" class=\"vc_gitem-zone-img\" src=\"https:\/\/raph.xyz\/wp-content\/uploads\/2025\/09\/cover_2-1024x576.jpg\" alt=\"ARTISTIC DIRECTION 360 CAMPAIGN\" loading=\"lazy\"><div class=\"vc_gitem-zone-mini\"><\/div><\/div><\/div><div class=\"vc_gitem-zone vc_gitem-zone-c vc_custom_1419240516480\"><div class=\"vc_gitem-zone-mini\"><div class=\"vc_gitem_row vc_row vc_gitem-row-position-top\"><div class=\"vc_col-sm-12 vc_gitem-col vc_gitem-col-align-\"><div class=\"vc_custom_heading vc_gitem-post-data vc_gitem-post-data-source-post_title\" ><h4 style=\"text-align: left\" >La nature te juge<\/h4><\/div><div class=\"vc_custom_heading vc_gitem-post-data vc_gitem-post-data-source-post_excerpt\" ><p style=\"text-align: left\" ><p>ARTISTIC DIRECTION 360 CAMPAIGN<\/p>\n<\/p><\/div><div class=\"vc_btn3-container vc_btn3-left\"><a class=\"vc_general vc_btn3 vc_btn3-size-md vc_btn3-shape-rounded vc_btn3-style-flat vc_btn3-color-juicy-pink\" a href=\"https:\/\/raph.xyz\/index.php\/en\/2024\/01\/24\/la_nature_te_juge\/\" class=\"vc_gitem-link vc_general vc_btn3 vc_general vc_btn3 vc_btn3-size-md vc_btn3-shape-rounded vc_btn3-style-flat vc_btn3-color-juicy-pink\" title=\"Read more\">Read more<\/a><\/div><\/div><\/div><\/div><\/div><\/div><div class=\"vc_clearfix\"><\/div><\/div><div class=\"vc_grid-item vc_clearfix vc_col-sm-12 vc_grid-item-zone-c-bottom\"><div class=\"vc_grid-item-mini vc_clearfix \"><div class=\"vc_gitem-animated-block\" ><div class=\"vc_gitem-zone vc_gitem-zone-a vc-gitem-zone-height-mode-auto vc-gitem-zone-height-mode-auto-1-1 vc_gitem-is-link\" style=\"background-image: url('https:\/\/raph.xyz\/wp-content\/uploads\/2025\/08\/CQ_LGBT_04-1024x576.jpg') !important;\"><a href=\"https:\/\/raph.xyz\/index.php\/en\/2023\/10\/24\/cq_lgbt\/\" title=\"30 years of CQ LGBT\" class=\"vc_gitem-link vc-zone-link\" ><\/a><img decoding=\"async\" class=\"vc_gitem-zone-img\" src=\"https:\/\/raph.xyz\/wp-content\/uploads\/2025\/08\/CQ_LGBT_04-1024x576.jpg\" alt=\"EVENT VISUAL IDENTITY\" loading=\"lazy\"><div class=\"vc_gitem-zone-mini\"><\/div><\/div><\/div><div class=\"vc_gitem-zone vc_gitem-zone-c vc_custom_1419240516480\"><div class=\"vc_gitem-zone-mini\"><div class=\"vc_gitem_row vc_row vc_gitem-row-position-top\"><div class=\"vc_col-sm-12 vc_gitem-col vc_gitem-col-align-\"><div class=\"vc_custom_heading vc_gitem-post-data vc_gitem-post-data-source-post_title\" ><h4 style=\"text-align: left\" >30 years of CQ LGBT<\/h4><\/div><div class=\"vc_custom_heading vc_gitem-post-data vc_gitem-post-data-source-post_excerpt\" ><p style=\"text-align: left\" ><p>EVENT VISUAL IDENTITY<\/p>\n<\/p><\/div><div class=\"vc_btn3-container vc_btn3-left\"><a class=\"vc_general vc_btn3 vc_btn3-size-md vc_btn3-shape-rounded vc_btn3-style-flat vc_btn3-color-juicy-pink\" a href=\"https:\/\/raph.xyz\/index.php\/en\/2023\/10\/24\/cq_lgbt\/\" class=\"vc_gitem-link vc_general vc_btn3 vc_general vc_btn3 vc_btn3-size-md vc_btn3-shape-rounded vc_btn3-style-flat vc_btn3-color-juicy-pink\" title=\"Read more\">Read more<\/a><\/div><\/div><\/div><\/div><\/div><\/div><div class=\"vc_clearfix\"><\/div><\/div><\/div><\/div>\n\t<\/div>\n<\/div>\n\t<div class=\"wpb_text_column wpb_content_element wpb_animate_when_almost_visible wpb_fadeInUp fadeInUp more_project\" >\n\t\t<div class=\"wpb_wrapper\">\n\t\t\t<p><a href=\"https:\/\/raph.xyz\/index.php\/fr\/projects_grille_fr\/\">plus de projets<\/a><\/p>\n\n\t\t<\/div>\n\t<\/div>\n<\/div><\/div><\/div><\/div><div id=\"about_me\" class=\"vc_row wpb_row vc_row-fluid\"><div class=\"wpb_column vc_column_container vc_col-sm-12\"><div class=\"vc_column-inner\"><div class=\"wpb_wrapper\">\n\t<div class=\"wpb_text_column wpb_content_element wpb_animate_when_almost_visible wpb_fadeIn fadeIn\" >\n\t\t<div class=\"wpb_wrapper\">\n\t\t\t<h1>\u00c0 PROPOS DE MOI<\/h1>\n\n\t\t<\/div>\n\t<\/div>\n<div class=\"vc_row wpb_row vc_inner vc_row-fluid\"><div class=\"photo_and_bio wpb_column vc_column_container vc_col-sm-12\"><div class=\"vc_column-inner\"><div class=\"wpb_wrapper\">\n\t<div  class=\"wpb_single_image wpb_content_element vc_align_left wpb_content_element wpb_animate_when_almost_visible wpb_fadeInUp fadeInUp\">\n\t\t\n\t\t<figure class=\"wpb_wrapper vc_figure\">\n\t\t\t<div class=\"vc_single_image-wrapper   vc_box_border_grey\"><img loading=\"lazy\" decoding=\"async\" width=\"667\" height=\"1000\" src=\"https:\/\/raph.xyz\/wp-content\/uploads\/2021\/09\/20210814-_1008923.jpg\" class=\"vc_single_image-img attachment-large\" alt=\"\" title=\"20210814-_1008923\" srcset=\"https:\/\/raph.xyz\/wp-content\/uploads\/2021\/09\/20210814-_1008923.jpg 667w, https:\/\/raph.xyz\/wp-content\/uploads\/2021\/09\/20210814-_1008923-200x300.jpg 200w\" sizes=\"auto, (max-width: 667px) 100vw, 667px\" \/><\/div>\n\t\t<\/figure>\n\t<\/div>\n\n\t<div class=\"wpb_text_column wpb_content_element\" >\n\t\t<div class=\"wpb_wrapper\">\n\t\t\t<p data-start=\"460\" data-end=\"877\">Apr\u00e8s huit ann\u00e9es d\u2019exp\u00e9rience en design graphique sp\u00e9cialis\u00e9 en image de marque et plusieurs projets en direction artistique, je cherche aujourd\u2019hui un terrain de jeu cr\u00e9atif \u00e0 la hauteur de mon ambition. Au fil des ann\u00e9es, j\u2019ai eu le privil\u00e8ge de collaborer avec une grande vari\u00e9t\u00e9 d\u2019entreprises \u2014 des OBNL engag\u00e9es jusqu\u2019\u00e0 des entreprises d\u2019envergure. Cette diversit\u00e9 m\u2019a permis d\u2019affiner mon expertise et de d\u00e9velopper une collaboration avec les clients \u00e0 la fois strat\u00e9gique et cr\u00e9ative. Je souhaite maintenant mettre cette exp\u00e9rience riche et polyvalente au service de projets ambitieux, o\u00f9 l\u2019innovation et l\u2019audace visuelle se rencontrent.<\/p>\n<p>&nbsp;<\/p>\n<p data-start=\"460\" data-end=\"877\">Issu de la g\u00e9n\u00e9ration des millennials, j\u2019apprenais \u00e0 coder avant m\u00eame de savoir lire \u2014 du moins, selon la l\u00e9gende familiale. J\u2019ai grandi au croisement des technologies : entre livres et bandes dessin\u00e9es, entre th\u00e9\u00e2tre et cin\u00e9ma, entre Game Boy et r\u00e9seaux sociaux, entre l\u2019internet qui se coupait quand le t\u00e9l\u00e9phone sonnait et l\u2019intelligence artificielle. Cette diversit\u00e9 nourrit ma curiosit\u00e9 depuis plus de trente ans et demeure une source pr\u00e9cieuse d\u2019id\u00e9es cr\u00e9atives que j\u2019alimente \u00e0 travers mes lectures, mes explorations num\u00e9riques et mes exp\u00e9riences immersives.<\/p>\n\n\t\t<\/div>\n\t<\/div>\n<\/div><\/div><\/div><\/div>\n\t<div class=\"wpb_text_column wpb_content_element wpb_animate_when_almost_visible wpb_fadeInUp fadeInUp\" >\n\t\t<div class=\"wpb_wrapper\">\n\t\t\t<h3><strong>\u2192<\/strong><a href=\"https:\/\/raph.xyz\/wp-content\/uploads\/2026\/03\/RAPHAEL_DESMAISON_CV_FR.pdf\" target=\"_blank\" rel=\"noopener\">Voir mon CV<\/a><\/h3>\n\n\t\t<\/div>\n\t<\/div>\n\n\t<div class=\"wpb_text_column wpb_content_element wpb_animate_when_almost_visible wpb_fadeInUp fadeInUp\" >\n\t\t<div class=\"wpb_wrapper\">\n\t\t\t<ul>\n<li style=\"list-style-type: none;\">\n<ul>\n<li><strong>\u2192<\/strong><a href=\"https:\/\/raph.xyz\/index.php\/projects_grille\/\">Plus de 80 projets \u00e0 mon actif<\/a><\/li>\n<\/ul>\n<\/li>\n<\/ul>\n\n\t\t<\/div>\n\t<\/div>\n<\/div><\/div><\/div><\/div>\n<\/div>","protected":false},"excerpt":{"rendered":"RAPHA\u00cbL DESMAISON 8 ANN\u00c9ES D'EXP\u00c9RIENCES PROFESSIONNELLES DESIGNER GRAPHIQUE ET DIRECTEUR ARTISTIQUE SUR MONTR\u00c9AL, j\u2019aide les organisations culturelles, sociales et engag\u00e9es \u00e0 transformer leurs valeurs en univers visuels clairs, coh\u00e9rents et inspirants. Mon travail s\u2019ancre dans la simplicit\u00e9, la couleur et la typographie, au service d\u2019une direction artistique accessible, r\u00e9fl\u00e9chie et contemporaine. Du logo \u00e0 la <a href=\"https:\/\/raph.xyz\/index.php\/fr\/accueil-2\/\" class=\"more-link\">...<\/a>","protected":false},"author":1,"featured_media":0,"parent":0,"menu_order":0,"comment_status":"closed","ping_status":"closed","template":"","meta":{"footnotes":""},"class_list":["post-4238","page","type-page","status-publish","hentry"],"_links":{"self":[{"href":"https:\/\/raph.xyz\/index.php\/wp-json\/wp\/v2\/pages\/4238","targetHints":{"allow":["GET"]}}],"collection":[{"href":"https:\/\/raph.xyz\/index.php\/wp-json\/wp\/v2\/pages"}],"about":[{"href":"https:\/\/raph.xyz\/index.php\/wp-json\/wp\/v2\/types\/page"}],"author":[{"embeddable":true,"href":"https:\/\/raph.xyz\/index.php\/wp-json\/wp\/v2\/users\/1"}],"replies":[{"embeddable":true,"href":"https:\/\/raph.xyz\/index.php\/wp-json\/wp\/v2\/comments?post=4238"}],"version-history":[{"count":15,"href":"https:\/\/raph.xyz\/index.php\/wp-json\/wp\/v2\/pages\/4238\/revisions"}],"predecessor-version":[{"id":4622,"href":"https:\/\/raph.xyz\/index.php\/wp-json\/wp\/v2\/pages\/4238\/revisions\/4622"}],"wp:attachment":[{"href":"https:\/\/raph.xyz\/index.php\/wp-json\/wp\/v2\/media?parent=4238"}],"curies":[{"name":"wp","href":"https:\/\/api.w.org\/{rel}","templated":true}]}}